ghest common factor of 417243 and 5589?
69
What is the greatest common divisor of 9323592 and 84?
12
What is the highest common factor of 76278 and 25734?
6
Calculate the greatest common divisor of 6735392 and 1712.
16
Calculate the greatest common divisor of 487706 and 321.
107
What is the greatest common factor of 63893964 and 348?
12
What is the greatest common factor of 14758643 and 17153?
1009
Calculate the greatest common divisor of 61542054 and 7194.
654
Calculate the greatest common factor of 85359599 and 52.
13
What is the highest common divisor of 256 and 710392?
8
Calculate the greatest common factor of 200 and 21893660.
20
Calculate the greatest common factor of 707460 and 8080.
20
What is the greatest common divisor of 43800 and 153825?
75
Calculate the highest common divisor of 12197664 and 608.
32
Calculate the highest common divisor of 2 and 444209.
1
Calculate the greatest common divisor of 26053645 and 10.
5
Calculate the greatest common divisor of 45 and 14084715.
15
What is the greatest common factor of 4352 and 2359038592?
2176
What is the highest common divisor of 226438 and 12470?
86
Calculate the highest common factor of 192000 and 984.
24
What is the greatest common divisor of 16543134 and 432?
18
Calculate the greatest common divisor of 2015971 and 4841.
47
Calculate the greatest common divisor of 2340 and 657306.
234
Calculate the highest common factor of 4542 and 193072850.
1514
What is the greatest common factor of 2820413 and 129?
43
What is the greatest common factor of 186 and 220712746?
62
What is the greatest common divisor of 253174 and 117984?
2458
What is the highest common divisor of 26682519 and 75?
3
What is the greatest common divisor of 148842 and 265724315?
8269
What is the greatest common factor of 64 and 165436000?
32
What is the greatest common divisor of 89518 and 1002226?
626
Calculate the highest common divisor of 102420 and 17180.
20
Calculate the greatest common divisor of 68 and 417182414.
34
Calculate the highest common factor of 333 and 22317401.
37
What is the highest common factor of 61425080 and 2040?
680
Calculate the greatest common factor of 28899534 and 206.
206
Calculate the highest common factor of 326967 and 48.
3
What is the highest common divisor of 4375 and 2917475?
25
What is the greatest common divisor of 2697 and 32208473?
899
Calculate the highest common divisor of 5322646 and 112.
14
What is the greatest common factor of 71717829 and 3?
3
Calculate the highest common factor of 4575301 and 261.
29
What is the highest common divisor of 370517 and 33866?
287
What is the greatest common factor of 35741 and 577418?
103
Calculate the highest common divisor of 7685568 and 13464.
792
What is the highest common divisor of 1582 and 2664914?
14
Calculate the highest common factor of 447716 and 1918.
274
Calculate the highest common divisor of 4405 and 3800981995.
4405
What is the greatest common divisor of 24867 and 104652?
81
Calculate the greatest common divisor of 124257 and 39776331.
1281
What is the greatest common factor of 65657887 and 6847?
167
Calculate the highest common divisor of 12540 and 2662185.
285
Calculate the greatest common divisor of 15520380 and 240.
60
What is the highest common divisor of 1887616 and 1408?
128
Calculate the highest common factor of 1580 and 1389452.
316
Calculate the greatest common divisor of 3309124 and 1456.
364
What is the highest common divisor of 1913690 and 850?
170
What is the highest common divisor of 7667441 and 46?
23
What is the highest common divisor of 6893903 and 19?
19
Calculate the highest common factor of 412790 and 296695.
35
Calculate the greatest common divisor of 31308 and 7962.
6
Calculate the highest common divisor of 7798560 and 91.
7
Calculate the greatest common divisor of 32 and 348723632.
16
Calculate the greatest common factor of 54 and 32367330.
54
What is the highest common divisor of 90 and 7149708?
18
Calculate the greatest common divisor of 64 and 18979952.
16
Calculate the greatest common divisor of 60 and 247286720.
20
Calculate the greatest common divisor of 616148 and 260.
52
Calculate the greatest common factor of 45394785 and 1935.
45
Calculate the highest common factor of 1896 and 311496.
24
Calculate the highest common divisor of 59996676 and 64272.
1236
Calculate the highest common divisor of 1696848084 and 72.
36
Calculate the highest common factor of 12238128 and 9030.
42
Calculate the greatest common factor of 611 and 4657549.
13
What is the highest common factor of 5712 and 143088?
48
What is the highest common divisor of 28323936 and 288?
288
Calculate the greatest common divisor of 55087539 and 460551.
9399
What is the highest common factor of 528636 and 148?
4
What is the highest common divisor of 424 and 25758?
106
Calculate the highest common divisor of 195614 and 14567.
2081
Calculate the highest common factor of 24 and 368262060.
12
What is the greatest common divisor of 32551180 and 380?
380
Calculate the highest common factor of 4646 and 28826107.
2323
Calculate the highest common divisor of 243 and 167367222.
243
What is the greatest common factor of 847879 and 31542?
751
Calculate the greatest common factor of 270 and 3204250.
10
Calculate the highest common factor of 39006 and 5048406.
198
What is the greatest common divisor of 8106 and 13355986?
2702
Calculate the highest common factor of 927806 and 24254.
362
What is the highest common divisor of 3930402 and 147?
21
What is the highest common factor of 4024 and 65816?
8
Calculate the greatest common divisor of 218 and 82213.
1
Calculate the highest common factor of 284 and 16491170.
142
What is the highest common factor of 29038681 and 109069?
3761
What is the greatest common factor of 46998 and 701986?
746
Calculate the highest common factor of 782594 and 1703.
131
What is the highest common divisor of 1057293 and 89?
1
What is the highest common factor of 15455 and 233144857?
3091
Calculate the greatest common divisor of 330 and 9362859.
33
What is the highest common divisor of 5241572 and 84?
28
Calculate the highest common divisor of 6136167 and 17459.
1343
Calculate the highest common divisor of 7321 and 801510401.
7321
Calculate the highest common factor of 2739799 and 878.
439
Calculate the greatest common divisor of 4241008 and 4672.
1168
What is the highest common divisor of 838218 and 381?
3
What is the highest common factor of 175925 and 1075?
25
What is the greatest common divisor of 118854 and 9372?
426
What is the greatest common factor of 1087506 and 270?
54
Calculate the greatest common divisor of 1023 and 34464188.
341
What is the greatest common divisor of 6050961 and 294?
147
What is the highest common factor of 108531632 and 660?
44
Calculate the highest common divisor of 50574078 and 36.
18
Calculate the greatest common factor of 407 and 2104637293.
407
What is the greatest common factor of 769 and 42621825?
769
Calculate the highest common divisor of 71292 and 418612.
1828
What is the greatest common divisor of 1107909 and 1271?
31
Calculate the highest common factor of 21528 and 2773152.
72
What is the highest common divisor of 14599458 and 18?
18
Calculate the greatest common factor of 5576 and 449278.
82
Calculate the greatest common factor of 230708758 and 14.
14
Calculate the highest common factor of 1196 and 254644.
52
What is the greatest common divisor of 1265640 and 61690?
1990
What is the greatest common divisor of 58489128 and 312?
24
Calculate the greatest common factor of 306 and 1900668.
102
What is the greatest common divisor of 166630 and 70?
10
What is the highest common factor of 2609688 and 1050672?
1416
What is the greatest common divisor of 113123616 and 128?
32
What is the greatest common factor of 966 and 675441?
69
Calculate the highest common factor of 2953 and 11812.
2953
What is the highest common factor of 1404 and 352188252?
468
Calculate the highest common factor of 21200 and 279575.
1325
What is the highest common factor of 28 and 37426564?
28
Calculate the highest common divisor of 40179 and 176646.
177
Calculate the highest common divisor of 167766541 and 1641.
547
What is the highest common divisor of 227241516 and 102?
102
What is the greatest common factor of 1396395 and